ose 0 = t - 2*m - 6, 3*t + m - 9 = 2*t. Calculate the highest common divisor of t and d.
2
Suppose l = -4*k - 17 + 75, 2*k + 5*l = 38. Suppose -5*f - k = -54. Suppose -624*w - 24 = -625*w. What is the highest common factor of w and f?
8
Let o(s) = 49*s - 16. Let h be o(4). Calculate the greatest common factor of h and 20.
20
Suppose 0 = 3*y - 5*y + 10. Let p be (-3)/(-1) + (-2 - y). Let m(d) = -3*d - 5. Let s be m(p). Calculate the greatest common factor of s and 35.
7
Let y = -80 + 38. Let o be 2*y + -1 + 2. Let r be (-4)/18 + o/(-9). What is the greatest common factor of r and 45?
9
Suppose 3*c - 8*c + 40 = 0. Calculate the greatest common factor of 88 and c.
8
Let q be 64/24*9/2. Suppose 0 = -0*z - 3*z + 72. Calculate the greatest common factor of z and q.
12
Let d be (2/6)/(5/(-30)). Let k = 1 - d. Suppose 0 = k*h - 2*h - 22. Calculate the highest common factor of 11 and h.
11
Let f(o) = o**2 - o + 40. Let t be f(0). Let g = -1 + -2. Let d(z) = -4*z - 2. Let x be d(g). Calculate the highest common factor of x and t.
10
Let x(w) = -w + 5. Let m be x(-4). Let j(f) = -2*f**2 - 26*f - 15. Let v be j(-12). What is the highest common factor of v and m?
9
Suppose -4*c = 3*z - 54, -18 = -c - 2*z - z. What is the highest common factor of 132 and c?
12
Let z(s) = s**3 + 7*s**2 + 8*s + 8. Let l be z(-6). Let p be 12/9*(-18)/l. Let c = 18 + -12. Calculate the greatest common divisor of p and c.
6
Suppose -2*j - 2*s = s - 5, -j - 5 = 3*s. Calculate the highest common factor of 90 and j.
10
Let v be 10/2*25 + 4. What is the greatest common divisor of 43 and v?
43
Suppose -l = -2*l + 2. Suppose -l*c + d = -237 - 42, -5*c + 703 = 3*d. Calculate the greatest common divisor of c and 56.
28
Let i = 70 + -67. Calculate the highest common factor of 3 and i.
3
Suppose -l = 2*h - 132, -4*h + 0*l + 248 = -2*l. What is the greatest common factor of h and 16?
16
Let y = -5 + 16. Let q(h) = -h**3 + 30*h**2 - 26*h - 32. Let f be q(29). Calculate the greatest common factor of y and f.
11
Let w = -28 - -41. Let i = 105 - 40. Calculate the highest common factor of w and i.
13
Suppose -220 = -4*m + 2*d - 30, 5*m + 4*d = 257. Suppose 3*l - 2*l - 2*b = 15, -40 = -4*l + 3*b. Calculate the greatest common factor of m and l.
7
Suppose 0 = -3*z + 6*z - 66. Let b(i) = 13*i**2 - 3*i + 2. Let n be b(3). What is the highest common divisor of z and n?
22
Let z = 554 + -254. Calculate the highest common factor of z and 120.
60
Let c(q) = q**2 + 10*q + 2. Let u be c(-11). Suppose 23 = 3*h - u. Calculate the greatest common factor of h and 132.
12
Suppose 4*y = -2*k + 56, -4*y + k + 28 = -4*k. What is the highest common divisor of y and 6?
6
Let y be ((-2)/(-6))/(4/(-48)). Let z be (-45)/(-4) - 3/y. What is the greatest common factor of 8 and z?
4
Let o(s) = s**3 + 4*s**2 - 2*s + 1. Let r be o(-4). Suppose 171 = 6*a - a - 3*k, k = 3. Calculate the highest common factor of r and a.
9
Suppose 4*z = -2*s + 206, 5*z - 259 = -0*z - 3*s. Calculate the greatest common divisor of 10 and z.
10
Let f(r) = -7*r**2 + 1. Let m be f(-1). Let k be 18/(2/(m/(-3))). Suppose -3*j + 3 = -k. Calculate the greatest common factor of j and 56.
7
Suppose -4*g + 4 = -8. Suppose -2*a = g*a - 225. Calculate the greatest common factor of a and 30.
15
Suppose -9*q = -10*q + 28. Calculate the greatest common factor of q and 56.
28
Let w be 1/((-3)/(-2))*21. Let d be (-174)/(-5) - 2/(-10). What is the highest common factor of d and w?
7
Suppose 0 = 3*f + 4*t + 5, -3*f + 0 + 10 = t. Suppose 5*z - 179 = z - i, 3*z + f*i = 130. Calculate the highest common factor of z and 5.
5
Suppose 108 = 4*j - 36. What is the highest common factor of j and 9?
9
Let v be (-169)/(-4) + 4 + (-51)/12. Calculate the highest common factor of v and 70.
14
Let w be 860/18 - 2/(-9). Let m be ((-4)/3)/((-4)/(-36)). Let a(t) = -2*t - 8. Let j be a(m). Calculate the highest common divisor of j and w.
16
Suppose -2*y + 16 = 3*n, -69 = -4*y + 2*n - 21. Let v = -5 + 9. Let g = v - -18. Calculate the greatest common divisor of g and y.
11
Suppose 45 + 97 = 2*g. Suppose -306 = -5*f - 61. Let a = g - f. Calculate the greatest common factor of 55 and a.
11
Suppose 3*g + 4*a = -2*g + 821, -5*g + 3*a + 793 = 0. Suppose n - 2*n + g = 0. Let s be (-318)/(-14) + 4/14. Calculate the highest common divisor of s and n.
23
Suppose -n = -10 + 5. Calculate the highest common factor of n and 5.
5
Let z(t) = t + 14. Let v be z(-13). Let u = -3 - -6. What is the highest common factor of u and v?
1
Suppose -5*p + 12 = -2*a - 2*a, -3*p + 18 = 3*a. What is the greatest common factor of 10 and p?
2
Let f(a) = a**2 + 6*a - 9. Let s be f(3). Let k = -49 + 94. What is the highest common divisor of k and s?
9
Let x = 39 - 38. What is the greatest common divisor of x and 1?
1
Suppose 47 = 3*h + 23. Let q(y) = y**3 + 6*y**2 - 7*y + 6. Suppose -4*a - 12 = 12. Let p be q(a). What is the greatest common factor of p and h?
8
Let z be (-2)/(-9) + (-43)/(-9). Suppose 3*c - z*c = -6. Suppose 6 = -2*d + 4, x + d = 2. What is the highest common divisor of x and c?
3
Suppose 4*x - 31 + 3 = 0. Calculate the greatest common divisor of 1 and x.
1
Let g(i) = i**2 - 6*i + 34. Let k be g(17). Calculate the greatest common divisor of 13 and k.
13
Let u(v) = 17*v - 3. Let p be u(4). Suppose 0 = 3*o + 2*o + 4*h - p, 17 = 3*o - 2*h. Calculate the highest common divisor of 36 and o.
9
Let f(z) = -2*z**2 + 50*z - 12. Let w be f(23). What is the highest common factor of 10 and w?
10
Suppose -o = -24 + 1. Let n = o + 13. What is the greatest common divisor of 9 and n?
9
Suppose f - 67 = -f + u, -5*f = 5*u - 145. What is the greatest common divisor of f and 4?
4
Let b = -126 - -130. What is the highest common divisor of b and 7?
1
Let f = 4 - 2. Suppose -4*g = -f*t, -2*t + 14 = t + g. Suppose -m - t*m = -40. Calculate the highest common factor of 20 and m.
4
Let t(k) = 4*k**2 - 4*k + 2*k - 5*k**2 - 11*k**3 - 5*k**3. Let d be t(2). Let g be d/(-10) + 10/25. What is the highest common divisor of 56 and g?
14
Suppose -7*c = -28 - 112. What is the highest common factor of 80 and c?
20
Let h = -8 - -13. Suppose 2*l - 11 = 5*d, 2*l - h*d = -l + 4. Let k = l - -13. What is the greatest common divisor of k and 18?
6
Suppose -2*b + 329 + 138 = 3*p, -3*b - 772 = -5*p. Suppose -5*f = -215 - p. Let i be (f - 0)/2 + -1. Calculate the highest common divisor of i and 9.
9
Let m(k) = -k**2 + 7*k - 9. Let g be m(6). Let n be 5 - -3*(2 + g). Calculate the highest common divisor of n and 10.
2
Let k be (-8 - -14)/(6/8). Let b = -2 - -35. Suppose -b = -3*d + 5*q + 106, 3*d = -3*q + 147. What is the greatest common factor of d and k?
8
Suppose 22 = b - 5*j, -j = -4*b + 3*j + 56. Let a be (6/9)/(1/18). What is the greatest common factor of b and a?
12
Suppose -11 = -2*f + 5. Let w = 14 + 2. Calculate the greatest common divisor of f and w.
8
Let k be 27/(-5*(-9)/30). Let f = -13 - -58. Calculate the highest common factor of f and k.
9
Let i(v) = -v**3 + 11*v**2 + 16*v - 6. Let w be i(12). Calculate the highest common divisor of w and 28.
14
Suppose 2*i - 2 = 0, -4*n - i = -7*n + 5. Let s be 28/2 - 8*-1. Calculate the highest common divisor of n and s.
2
Let s(j) = j**3 - 5*j**2 - 5*j - 2. Let o be s(6). Let u = -6 + 8. Suppose z + u*z - 18 = 0. Calculate the greatest common factor of o and z.
2
Let x = -13 + 37. Calculate the greatest common factor of 96 and x.
24
Let j(m) = m - 10. Let b be j(17). Calculate the highest common divisor of b and 49.
7
Suppose -2*p + 5*p = 216. What is the highest common factor of p and 9?
9
Let j(s) = -s**3 - 4*s**2 - 3*s + 3. Let t be j(-3). Suppose 5*f = -t*l + 52, l = -2*f - f + 28. What is the highest common factor of f and 64?
8
Let l = -122 - -150. What is the greatest common divisor of l and 182?
14
Suppose 4*a + 13 = 37. Let n be (a/4)/(3/18). What is the greatest common divisor of 9 and n?
9
Let o(u) = u - 3. Let d be o(0). Let p be 20/d*(-3 + 0). Let g = 64 - 34. Calculate the greatest common factor of g and p.
10
Suppose 49 + 34 = a + 2*r, -5*r = 4*a - 335. Let h be a/(-3 + 4) - 1. Calculate the greatest common divisor of h and 21.
21
Let a = 37 - 18. Let t be (-1)/3 + (-10)/6. Let v be 39 + -2*t/(-4). What is the highest common factor of v and a?
19
Suppose 2*r - 4*r + 6 